{"id":82,"date":"2023-11-28T22:19:23","date_gmt":"2023-11-28T21:19:23","guid":{"rendered":"https:\/\/dariuszkazmierczak.pl\/wydawnictwo\/?post_type=product&#038;p=82"},"modified":"2023-11-28T22:20:28","modified_gmt":"2023-11-28T21:20:28","slug":"musisz-isc","status":"publish","type":"product","link":"https:\/\/dariuszkazmierczak.pl\/wydawnictwo\/produkt\/musisz-isc\/","title":{"rendered":"Musisz i\u015b\u0107"},"content":{"rendered":"<p>Bohaterk\u0105 powie\u015bci jest Anna, kobieta o silnej osobowo\u015bci, kt\u00f3ra ma za sob\u0105 ponur\u0105 przesz\u0142o\u015b\u0107. Jest ona \u015bci\u015ble zwi\u0105zana z Wo\u0142yniem, gdzie wychowywa\u0142a si\u0119 jako dziecko.<br \/>\nObecnie Anna mieszka w Lublinie i tyle, na ile potrafi, pomaga swojej jedynej wnuczce Agnieszce, kt\u00f3ra pragnie zosta\u0107 matk\u0105. Po wielu perypetiach m\u0142oda kobieta decyduje si\u0119 na surogacj\u0119 w Ukrainie. Gdy wybucha epidemia spowodowana przez koronawirusa, jej sprawy \u017cyciowe komplikuj\u0105 si\u0119. Jedn\u0105 z niewielu os\u00f3b, kt\u00f3re mog\u0105 pom\u00f3c Agnieszce, jest Anna.<br \/>\nAkcja powie\u015bci toczy si\u0119 w dw\u00f3ch p\u0142aszczyznach czasowych. Pierwsz\u0105 stanowi\u0105 lata, w czasie kt\u00f3rych dochodzi do rzezi wo\u0142y\u0144skiej. Drug\u0105 obejmuj\u0105 lata w trakcie tocz\u0105cej si\u0119 pandemii.<\/p>\n","protected":false},"excerpt":{"rendered":"<p>Bohaterk\u0105 powie\u015bci jest Anna, kobieta o silnej osobowo\u015bci, kt\u00f3ra ma za sob\u0105 ponur\u0105 przesz\u0142o\u015b\u0107. Jest ona \u015bci\u015ble zwi\u0105zana z Wo\u0142yniem, gdzie wychowywa\u0142a si\u0119 jako dziecko. Obecnie Anna mieszka w Lublinie i tyle, na ile potrafi, pomaga swojej jedynej wnuczce Agnieszce, kt\u00f3ra pragnie zosta\u0107 matk\u0105. Po wielu perypetiach m\u0142oda kobieta decyduje si\u0119 na surogacj\u0119 w Ukrainie. [&hellip;]<\/p>\n","protected":false},"featured_media":83,"template":"","meta":[],"_links":{"self":[{"href":"https:\/\/dariuszkazmierczak.pl\/wydawnictwo\/wp-json\/wp\/v2\/product\/82"}],"collection":[{"href":"https:\/\/dariuszkazmierczak.pl\/wydawnictwo\/wp-json\/wp\/v2\/product"}],"about":[{"href":"https:\/\/dariuszkazmierczak.pl\/wydawnictwo\/wp-json\/wp\/v2\/types\/product"}],"wp:featuredmedia":[{"embeddable":true,"href":"https:\/\/dariuszkazmierczak.pl\/wydawnictwo\/wp-json\/wp\/v2\/media\/83"}],"wp:attachment":[{"href":"https:\/\/dariuszkazmierczak.pl\/wydawnictwo\/wp-json\/wp\/v2\/media?parent=82"}],"curies":[{"name":"wp","href":"https:\/\/api.w.org\/{rel}","templated":true}]}}