{"id":66,"date":"2020-06-12T17:11:54","date_gmt":"2020-06-12T15:11:54","guid":{"rendered":"https:\/\/dariuszkazmierczak.pl\/wydawnictwo\/?post_type=product&#038;p=66"},"modified":"2020-07-22T10:21:49","modified_gmt":"2020-07-22T08:21:49","slug":"bezmiar-sprawiedliwosci","status":"publish","type":"product","link":"https:\/\/dariuszkazmierczak.pl\/wydawnictwo\/produkt\/bezmiar-sprawiedliwosci\/","title":{"rendered":"Bezmiar sprawiedliwo\u015bci"},"content":{"rendered":"<p>Jakub Wnuk jest lekarzem, kt\u00f3ry \u017cyje w partnerskim zwi\u0105zku. Posiada nastoletni\u0105 c\u00f3rk\u0119, ale w przeciwie\u0144stwie do swojej przyjaci\u00f3\u0142ki, nieustannie marzy o posiadaniu drugiego dziecka. W czasie jednego z sympozj\u00f3w naukowych dowiaduje si\u0119 o coparentingu i o tym, co si\u0119 za nim kryje.<\/p>\n<p>Anna Karolak jest s\u0119dzi\u0105 i m\u0119\u017catk\u0105. Po osi\u0105gni\u0119ciu cel\u00f3w, jakie sobie za\u0142o\u017cy\u0142a, pragnie zosta\u0107 matk\u0105. po kilku latach niepowodze\u0144, decyduje si\u0119 na zap\u0142odnienie pozaustrojowe. Podejmuje w tym kierunku dzia\u0142ania, ale nie wszystko przebiega zgodnie z planem&#8230;<\/p>\n","protected":false},"excerpt":{"rendered":"<p>Jakub Wnuk jest lekarzem, kt\u00f3ry \u017cyje w partnerskim zwi\u0105zku. Posiada nastoletni\u0105 c\u00f3rk\u0119, ale w przeciwie\u0144stwie do swojej przyjaci\u00f3\u0142ki, nieustannie marzy o posiadaniu drugiego dziecka. W czasie jednego z sympozj\u00f3w naukowych dowiaduje si\u0119 o coparentingu i o tym, co si\u0119 za nim kryje. Anna Karolak jest s\u0119dzi\u0105 i m\u0119\u017catk\u0105. Po osi\u0105gni\u0119ciu cel\u00f3w, jakie sobie za\u0142o\u017cy\u0142a, pragnie [&hellip;]<\/p>\n","protected":false},"featured_media":67,"template":"","meta":[],"_links":{"self":[{"href":"https:\/\/dariuszkazmierczak.pl\/wydawnictwo\/wp-json\/wp\/v2\/product\/66"}],"collection":[{"href":"https:\/\/dariuszkazmierczak.pl\/wydawnictwo\/wp-json\/wp\/v2\/product"}],"about":[{"href":"https:\/\/dariuszkazmierczak.pl\/wydawnictwo\/wp-json\/wp\/v2\/types\/product"}],"wp:featuredmedia":[{"embeddable":true,"href":"https:\/\/dariuszkazmierczak.pl\/wydawnictwo\/wp-json\/wp\/v2\/media\/67"}],"wp:attachment":[{"href":"https:\/\/dariuszkazmierczak.pl\/wydawnictwo\/wp-json\/wp\/v2\/media?parent=66"}],"curies":[{"name":"wp","href":"https:\/\/api.w.org\/{rel}","templated":true}]}}