{"id":61,"date":"2020-06-12T16:59:59","date_gmt":"2020-06-12T14:59:59","guid":{"rendered":"https:\/\/dariuszkazmierczak.pl\/wydawnictwo\/?post_type=product&#038;p=61"},"modified":"2020-06-12T16:59:59","modified_gmt":"2020-06-12T14:59:59","slug":"cesarskie-ciecie","status":"publish","type":"product","link":"https:\/\/dariuszkazmierczak.pl\/wydawnictwo\/produkt\/cesarskie-ciecie\/","title":{"rendered":"CESARSKIE CI\u0118CIE"},"content":{"rendered":"<p>Akcja powie\u015bci toczy si\u0119 w p\u00f3\u0142nocno-wschodniej Polsce.<\/p>\n<p>W ksi\u0105\u017cce przeplataj\u0105 si\u0119 losy m\u0142odego, ambitnego i nie pozbawionego skrupu\u0142\u00f3w ginekologa &#8211; Bogdana Kaszuby, kt\u00f3ry d\u0105\u017cy do zdobycia stanowiska dyrektora szpitala z losami jego atrakcyjnej partnerki &#8211; Iwony Bukowskiej, kt\u00f3ra bezskutecznie stara si\u0119 pocz\u0105\u0107 dziecko. W ich \u017cycie na skutek szeregu zbieg\u00f3w okoliczno\u015bci wpl\u0105tuje si\u0119 by\u0142y funkcjonariusz s\u0142u\u017cby bezpiecze\u0144stwa &#8211; Adam Bie\u0144, kt\u00f3ry prowadzi w\u0142asne \u015bledztwo i odkrywa tajemnice, o kt\u00f3rych sami zainteresowani nie maj\u0105 poj\u0119cia.<br \/>\nPrecyzyjnie uk\u0142adane scenariusze legn\u0105 w gruzach, a szereg wydarze\u0144 wymknie si\u0119 spod kontroli bohater\u00f3w ods\u0142aniaj\u0105c ciemne strony ich charakteru.<\/p>\n","protected":false},"excerpt":{"rendered":"<p>Akcja powie\u015bci toczy si\u0119 w p\u00f3\u0142nocno-wschodniej Polsce. W ksi\u0105\u017cce przeplataj\u0105 si\u0119 losy m\u0142odego, ambitnego i nie pozbawionego skrupu\u0142\u00f3w ginekologa &#8211; Bogdana Kaszuby, kt\u00f3ry d\u0105\u017cy do zdobycia stanowiska dyrektora szpitala z losami jego atrakcyjnej partnerki &#8211; Iwony Bukowskiej, kt\u00f3ra bezskutecznie stara si\u0119 pocz\u0105\u0107 dziecko. W ich \u017cycie na skutek szeregu zbieg\u00f3w okoliczno\u015bci wpl\u0105tuje si\u0119 by\u0142y funkcjonariusz [&hellip;]<\/p>\n","protected":false},"featured_media":44,"template":"","meta":[],"_links":{"self":[{"href":"https:\/\/dariuszkazmierczak.pl\/wydawnictwo\/wp-json\/wp\/v2\/product\/61"}],"collection":[{"href":"https:\/\/dariuszkazmierczak.pl\/wydawnictwo\/wp-json\/wp\/v2\/product"}],"about":[{"href":"https:\/\/dariuszkazmierczak.pl\/wydawnictwo\/wp-json\/wp\/v2\/types\/product"}],"wp:featuredmedia":[{"embeddable":true,"href":"https:\/\/dariuszkazmierczak.pl\/wydawnictwo\/wp-json\/wp\/v2\/media\/44"}],"wp:attachment":[{"href":"https:\/\/dariuszkazmierczak.pl\/wydawnictwo\/wp-json\/wp\/v2\/media?parent=61"}],"curies":[{"name":"wp","href":"https:\/\/api.w.org\/{rel}","templated":true}]}}